{"id":13,"date":"2023-05-22T15:26:08","date_gmt":"2023-05-22T13:26:08","guid":{"rendered":"https:\/\/compulse-africa.com\/?page_id=13"},"modified":"2023-06-21T11:38:12","modified_gmt":"2023-06-21T09:38:12","slug":"services","status":"publish","type":"page","link":"https:\/\/compulse-africa.com\/index.php\/services\/","title":{"rendered":"Services"},"content":{"rendered":"<style>.wp-block-kadence-advancedheading.kt-adv-heading_e7e5a0-47, .wp-block-kadence-advancedheading.kt-adv-heading_e7e5a0-47[data-kb-block=\"kb-adv-heading_e7e5a0-47\"]{text-align:center;font-style:normal;}.wp-block-kadence-advancedheading.kt-adv-heading_e7e5a0-47 mark.kt-highlight, .wp-block-kadence-advancedheading.kt-adv-heading_e7e5a0-47[data-kb-block=\"kb-adv-heading_e7e5a0-47\"] mark.kt-highlight{font-style:normal;color:#f76a0c;-webkit-box-decoration-break:clone;box-decoration-break:clone;padding-top:0px;padding-right:0px;padding-bottom:0px;padding-left:0px;}<\/style>\n<h2 class=\"kt-adv-heading_e7e5a0-47 wp-block-kadence-advancedheading has-theme-palette-2-color has-text-color\" data-kb-block=\"kb-adv-heading_e7e5a0-47\">Nos services<\/h2>\n\n\n<style>.kb-row-layout-id_d353cf-52 > .kt-row-column-wrap{align-content:start;}:where(.kb-row-layout-id_d353cf-52 > .kt-row-column-wrap) > .wp-block-kadence-column{justify-content:start;}.kb-row-layout-id_d353cf-52 > .kt-row-column-wrap{column-gap:var(--global-kb-gap-md, 2rem);row-gap:var(--global-kb-gap-md, 2rem);padding-top:var(--global-kb-spacing-sm, 1.5rem);padding-bottom:var(--global-kb-spacing-sm, 1.5rem);grid-template-columns:repeat(4, minmax(0, 1fr));}.kb-row-layout-id_d353cf-52 > .kt-row-layout-overlay{opacity:0.30;}@media all and (max-width: 1024px){.kb-row-layout-id_d353cf-52 > .kt-row-column-wrap{grid-template-columns:repeat(4, minmax(0, 1fr));}}@media all and (max-width: 767px){.kb-row-layout-id_d353cf-52 > .kt-row-column-wrap{grid-template-columns:minmax(0, 1fr);}}<\/style><div class=\"kb-row-layout-wrap kb-row-layout-id_d353cf-52 alignnone wp-block-kadence-rowlayout\"><div class=\"kt-row-column-wrap kt-has-4-columns kt-row-layout-equal kt-tab-layout-inherit kt-mobile-layout-row kt-row-valign-top\">\n<style>.kadence-column_5bd367-88 > .kt-inside-inner-col{padding-top:var(--global-kb-spacing-xxs, 0.5rem);padding-right:var(--global-kb-spacing-xxs, 0.5rem);padding-bottom:var(--global-kb-spacing-xxs, 0.5rem);padding-left:var(--global-kb-spacing-xxs, 0.5rem);}.kadence-column_5bd367-88 > .kt-inside-inner-col{border-top:2px solid var(--global-palette9, #ffffff);border-right:2px solid var(--global-palette9, #ffffff);border-bottom:2px solid var(--global-palette9, #ffffff);border-left:2px solid var(--global-palette9, #ffffff);}.kadence-column_5bd367-88 > .kt-inside-inner-col,.kadence-column_5bd367-88 > .kt-inside-inner-col:before{border-top-left-radius:30px;border-top-right-radius:30px;border-bottom-right-radius:30px;border-bottom-left-radius:30px;}.kadence-column_5bd367-88 > .kt-inside-inner-col{column-gap:var(--global-kb-gap-sm, 1rem);}.kadence-column_5bd367-88 > .kt-inside-inner-col{flex-direction:column;}.kadence-column_5bd367-88 > .kt-inside-inner-col > .aligncenter{width:100%;}.kadence-column_5bd367-88 > .kt-inside-inner-col{background-color:var(--global-palette2, #2B6CB0);}.kadence-column_5bd367-88 > .kt-inside-inner-col:before{opacity:0.3;}.kadence-column_5bd367-88{text-align:center;}.kadence-column_5bd367-88{position:relative;}@media all and (max-width: 1024px){.kadence-column_5bd367-88 > .kt-inside-inner-col{border-top:2px solid var(--global-palette9, #ffffff);border-right:2px solid var(--global-palette9, #ffffff);border-bottom:2px solid var(--global-palette9, #ffffff);border-left:2px solid var(--global-palette9, #ffffff);flex-direction:column;}}@media all and (max-width: 767px){.kadence-column_5bd367-88 > .kt-inside-inner-col{border-top:2px solid var(--global-palette9, #ffffff);border-right:2px solid var(--global-palette9, #ffffff);border-bottom:2px solid var(--global-palette9, #ffffff);border-left:2px solid var(--global-palette9, #ffffff);flex-direction:column;}}<\/style>\n<div class=\"wp-block-kadence-column kadence-column_5bd367-88\"><div class=\"kt-inside-inner-col\"><style>.wp-block-kadence-advancedgallery .kb-gallery-type-masonry.kb-gallery-id-_f63b56-38{margin:-5px;}.kb-gallery-type-masonry.kb-gallery-id-_f63b56-38 .kadence-blocks-gallery-item{padding:5px;}.kb-gallery-id-_f63b56-38 .kadence-blocks-gallery-item .kb-gal-image-radius{border-radius:0px 0px 0px 0px;;}<\/style><div class=\"kb-gallery-wrap-id-_f63b56-38 aligncenter aligncenter wp-block-kadence-advancedgallery\"><ul class=\"kb-gallery-ul kb-gallery-non-static kb-gallery-type-masonry kb-masonry-init kb-gallery-id-_f63b56-38 kb-gallery-caption-style-bottom-hover kb-gallery-filter-none\" data-image-filter=\"none\" data-item-selector=\".kadence-blocks-gallery-item\" data-lightbox-caption=\"true\" data-columns-xxl=\"1\" data-columns-xl=\"1\" data-columns-md=\"1\" data-columns-sm=\"1\" data-columns-xs=\"1\" data-columns-ss=\"1\"><li class=\"kadence-blocks-gallery-item\"><div class=\"kadence-blocks-gallery-item-inner\"><figure class=\"kb-gallery-figure kadence-blocks-gallery-item-hide-caption\" \"><div class=\"kb-gal-image-radius\" style=\"max-width:64px;\"><div class=\"kb-gallery-image-contain kadence-blocks-gallery-intrinsic\" style=\"padding-bottom:100%;\"><img decoding=\"async\" loading=\"lazy\" src=\"http:\/\/compulse-africa.com\/wp-content\/uploads\/2023\/05\/social-media-1.png\" width=\"64\" height=\"64\" alt=\"\" data-full-image=\"http:\/\/compulse-africa.com\/wp-content\/uploads\/2023\/05\/social-media-1.png\" data-light-image=\"http:\/\/compulse-africa.com\/wp-content\/uploads\/2023\/05\/social-media-1.png\" data-id=\"131\" class=\"wp-image-131\"\/><\/div><\/div><\/figure><\/div><\/li><\/ul><\/div>\n\n\n<p class=\"has-text-align-center has-theme-palette-9-color has-text-color\">Nous nous accupons de la communication digitale selon les objectifs de votre entreprise.<\/p>\n<\/div><\/div>\n\n\n<style>.kadence-column_c15c1e-4a > .kt-inside-inner-col{padding-top:var(--global-kb-spacing-xxs, 0.5rem);padding-right:var(--global-kb-spacing-xxs, 0.5rem);padding-bottom:var(--global-kb-spacing-xxs, 0.5rem);padding-left:var(--global-kb-spacing-xxs, 0.5rem);}.kadence-column_c15c1e-4a > .kt-inside-inner-col{border-top:2px solid var(--global-palette9, #ffffff);border-right:2px solid var(--global-palette9, #ffffff);border-bottom:2px solid var(--global-palette9, #ffffff);border-left:2px solid var(--global-palette9, #ffffff);}.kadence-column_c15c1e-4a > .kt-inside-inner-col,.kadence-column_c15c1e-4a > .kt-inside-inner-col:before{border-top-left-radius:30px;border-top-right-radius:30px;border-bottom-right-radius:30px;border-bottom-left-radius:30px;}.kadence-column_c15c1e-4a > .kt-inside-inner-col{column-gap:var(--global-kb-gap-sm, 1rem);}.kadence-column_c15c1e-4a > .kt-inside-inner-col{flex-direction:column;}.kadence-column_c15c1e-4a > .kt-inside-inner-col > .aligncenter{width:100%;}.kadence-column_c15c1e-4a > .kt-inside-inner-col{background-color:var(--global-palette2, #2B6CB0);}.kadence-column_c15c1e-4a > .kt-inside-inner-col:before{opacity:0.3;}.kadence-column_c15c1e-4a{text-align:center;}.kadence-column_c15c1e-4a{position:relative;}@media all and (max-width: 1024px){.kadence-column_c15c1e-4a > .kt-inside-inner-col{border-top:2px solid var(--global-palette9, #ffffff);border-right:2px solid var(--global-palette9, #ffffff);border-bottom:2px solid var(--global-palette9, #ffffff);border-left:2px solid var(--global-palette9, #ffffff);flex-direction:column;}}@media all and (max-width: 767px){.kadence-column_c15c1e-4a > .kt-inside-inner-col{border-top:2px solid var(--global-palette9, #ffffff);border-right:2px solid var(--global-palette9, #ffffff);border-bottom:2px solid var(--global-palette9, #ffffff);border-left:2px solid var(--global-palette9, #ffffff);flex-direction:column;}}<\/style>\n<div class=\"wp-block-kadence-column kadence-column_c15c1e-4a\"><div class=\"kt-inside-inner-col\"><style>.wp-block-kadence-advancedgallery .kb-gallery-type-masonry.kb-gallery-id-_fc3b8f-9a{margin:-5px;}.kb-gallery-type-masonry.kb-gallery-id-_fc3b8f-9a .kadence-blocks-gallery-item{padding:5px;}.kb-gallery-id-_fc3b8f-9a .kadence-blocks-gallery-item .kb-gal-image-radius{border-radius:0px 0px 0px 0px;;}<\/style><div class=\"kb-gallery-wrap-id-_fc3b8f-9a aligncenter aligncenter wp-block-kadence-advancedgallery\"><ul class=\"kb-gallery-ul kb-gallery-non-static kb-gallery-type-masonry kb-masonry-init kb-gallery-id-_fc3b8f-9a kb-gallery-caption-style-bottom-hover kb-gallery-filter-none\" data-image-filter=\"none\" data-item-selector=\".kadence-blocks-gallery-item\" data-lightbox-caption=\"true\" data-columns-xxl=\"1\" data-columns-xl=\"1\" data-columns-md=\"1\" data-columns-sm=\"1\" data-columns-xs=\"1\" data-columns-ss=\"1\"><li class=\"kadence-blocks-gallery-item\"><div class=\"kadence-blocks-gallery-item-inner\"><figure class=\"kb-gallery-figure kadence-blocks-gallery-item-hide-caption\" \"><div class=\"kb-gal-image-radius\" style=\"max-width:64px;\"><div class=\"kb-gallery-image-contain kadence-blocks-gallery-intrinsic\" style=\"padding-bottom:100%;\"><img decoding=\"async\" loading=\"lazy\" src=\"http:\/\/compulse-africa.com\/wp-content\/uploads\/2023\/05\/team.png\" width=\"64\" height=\"64\" alt=\"\" data-full-image=\"http:\/\/compulse-africa.com\/wp-content\/uploads\/2023\/05\/team.png\" data-light-image=\"http:\/\/compulse-africa.com\/wp-content\/uploads\/2023\/05\/team.png\" data-id=\"145\" class=\"wp-image-145\"\/><\/div><\/div><\/figure><\/div><\/li><\/ul><\/div>\n\n\n<p class=\"has-text-align-center has-theme-palette-9-color has-text-color\">Avec notre application web de gestion RH le m\u00e9tier du RH devient plus organiser et les offres disponible.<\/p>\n<\/div><\/div>\n\n\n<style>.kadence-column_6a94fc-92 > .kt-inside-inner-col{padding-top:var(--global-kb-spacing-xxs, 0.5rem);padding-right:var(--global-kb-spacing-xxs, 0.5rem);padding-bottom:var(--global-kb-spacing-xxs, 0.5rem);padding-left:var(--global-kb-spacing-xxs, 0.5rem);}.kadence-column_6a94fc-92 > .kt-inside-inner-col{border-top:2px solid var(--global-palette9, #ffffff);border-right:2px solid var(--global-palette9, #ffffff);border-bottom:2px solid var(--global-palette9, #ffffff);border-left:2px solid var(--global-palette9, #ffffff);}.kadence-column_6a94fc-92 > .kt-inside-inner-col,.kadence-column_6a94fc-92 > .kt-inside-inner-col:before{border-top-left-radius:30px;border-top-right-radius:30px;border-bottom-right-radius:30px;border-bottom-left-radius:30px;}.kadence-column_6a94fc-92 > .kt-inside-inner-col{column-gap:var(--global-kb-gap-sm, 1rem);}.kadence-column_6a94fc-92 > .kt-inside-inner-col{flex-direction:column;}.kadence-column_6a94fc-92 > .kt-inside-inner-col > .aligncenter{width:100%;}.kadence-column_6a94fc-92 > .kt-inside-inner-col{background-color:var(--global-palette2, #2B6CB0);}.kadence-column_6a94fc-92 > .kt-inside-inner-col:before{opacity:0.3;}.kadence-column_6a94fc-92{text-align:center;}.kadence-column_6a94fc-92{position:relative;}@media all and (max-width: 1024px){.kadence-column_6a94fc-92 > .kt-inside-inner-col{border-top:2px solid var(--global-palette9, #ffffff);border-right:2px solid var(--global-palette9, #ffffff);border-bottom:2px solid var(--global-palette9, #ffffff);border-left:2px solid var(--global-palette9, #ffffff);flex-direction:column;}}@media all and (max-width: 767px){.kadence-column_6a94fc-92 > .kt-inside-inner-col{border-top:2px solid var(--global-palette9, #ffffff);border-right:2px solid var(--global-palette9, #ffffff);border-bottom:2px solid var(--global-palette9, #ffffff);border-left:2px solid var(--global-palette9, #ffffff);flex-direction:column;}}<\/style>\n<div class=\"wp-block-kadence-column kadence-column_6a94fc-92\"><div class=\"kt-inside-inner-col\"><style>.wp-block-kadence-advancedgallery .kb-gallery-type-masonry.kb-gallery-id-_a763f4-a9{margin:-5px;}.kb-gallery-type-masonry.kb-gallery-id-_a763f4-a9 .kadence-blocks-gallery-item{padding:5px;}.kb-gallery-id-_a763f4-a9 .kadence-blocks-gallery-item .kb-gal-image-radius{border-radius:0px 0px 0px 0px;;}<\/style><div class=\"kb-gallery-wrap-id-_a763f4-a9 aligncenter aligncenter wp-block-kadence-advancedgallery\"><ul class=\"kb-gallery-ul kb-gallery-non-static kb-gallery-type-masonry kb-masonry-init kb-gallery-id-_a763f4-a9 kb-gallery-caption-style-bottom-hover kb-gallery-filter-none\" data-image-filter=\"none\" data-item-selector=\".kadence-blocks-gallery-item\" data-lightbox-caption=\"true\" data-columns-xxl=\"1\" data-columns-xl=\"1\" data-columns-md=\"1\" data-columns-sm=\"1\" data-columns-xs=\"1\" data-columns-ss=\"1\"><li class=\"kadence-blocks-gallery-item\"><div class=\"kadence-blocks-gallery-item-inner\"><figure class=\"kb-gallery-figure kadence-blocks-gallery-item-hide-caption\" \"><div class=\"kb-gal-image-radius\" style=\"max-width:64px;\"><div class=\"kb-gallery-image-contain kadence-blocks-gallery-intrinsic\" style=\"padding-bottom:100%;\"><img decoding=\"async\" loading=\"lazy\" src=\"http:\/\/compulse-africa.com\/wp-content\/uploads\/2023\/05\/software-development.png\" width=\"64\" height=\"64\" alt=\"\" data-full-image=\"http:\/\/compulse-africa.com\/wp-content\/uploads\/2023\/05\/software-development.png\" data-light-image=\"http:\/\/compulse-africa.com\/wp-content\/uploads\/2023\/05\/software-development.png\" data-id=\"146\" class=\"wp-image-146\"\/><\/div><\/div><\/figure><\/div><\/li><\/ul><\/div>\n\n\n<p class=\"has-text-align-center has-theme-palette-9-color has-text-color\">Nous concevons des logiciels, application web et web mobile sur mesure selon votre secteur d&rsquo;activit\u00e9.<\/p>\n<\/div><\/div>\n\n\n<style>.kadence-column_00eb93-e6 > .kt-inside-inner-col{padding-top:var(--global-kb-spacing-xxs, 0.5rem);padding-right:var(--global-kb-spacing-xxs, 0.5rem);padding-bottom:var(--global-kb-spacing-xxs, 0.5rem);padding-left:var(--global-kb-spacing-xxs, 0.5rem);}.kadence-column_00eb93-e6 > .kt-inside-inner-col{border-top:2px solid var(--global-palette9, #ffffff);border-right:2px solid var(--global-palette9, #ffffff);border-bottom:2px solid var(--global-palette9, #ffffff);border-left:2px solid var(--global-palette9, #ffffff);}.kadence-column_00eb93-e6 > .kt-inside-inner-col,.kadence-column_00eb93-e6 > .kt-inside-inner-col:before{border-top-left-radius:30px;border-top-right-radius:30px;border-bottom-right-radius:30px;border-bottom-left-radius:30px;}.kadence-column_00eb93-e6 > .kt-inside-inner-col{column-gap:var(--global-kb-gap-sm, 1rem);}.kadence-column_00eb93-e6 > .kt-inside-inner-col{flex-direction:column;}.kadence-column_00eb93-e6 > .kt-inside-inner-col > .aligncenter{width:100%;}.kadence-column_00eb93-e6 > .kt-inside-inner-col{background-color:var(--global-palette2, #2B6CB0);}.kadence-column_00eb93-e6 > .kt-inside-inner-col:before{opacity:0.3;}.kadence-column_00eb93-e6{text-align:center;}.kadence-column_00eb93-e6{position:relative;}@media all and (max-width: 1024px){.kadence-column_00eb93-e6 > .kt-inside-inner-col{border-top:2px solid var(--global-palette9, #ffffff);border-right:2px solid var(--global-palette9, #ffffff);border-bottom:2px solid var(--global-palette9, #ffffff);border-left:2px solid var(--global-palette9, #ffffff);flex-direction:column;}}@media all and (max-width: 767px){.kadence-column_00eb93-e6 > .kt-inside-inner-col{border-top:2px solid var(--global-palette9, #ffffff);border-right:2px solid var(--global-palette9, #ffffff);border-bottom:2px solid var(--global-palette9, #ffffff);border-left:2px solid var(--global-palette9, #ffffff);flex-direction:column;}}<\/style>\n<div class=\"wp-block-kadence-column kadence-column_00eb93-e6\"><div class=\"kt-inside-inner-col\"><style>.wp-block-kadence-advancedgallery .kb-gallery-type-masonry.kb-gallery-id-_5a6826-ba{margin:-5px;}.kb-gallery-type-masonry.kb-gallery-id-_5a6826-ba .kadence-blocks-gallery-item{padding:5px;}.kb-gallery-id-_5a6826-ba .kadence-blocks-gallery-item .kb-gal-image-radius{border-radius:0px 0px 0px 0px;;}<\/style><div class=\"kb-gallery-wrap-id-_5a6826-ba aligncenter aligncenter wp-block-kadence-advancedgallery\"><ul class=\"kb-gallery-ul kb-gallery-non-static kb-gallery-type-masonry kb-masonry-init kb-gallery-id-_5a6826-ba kb-gallery-caption-style-bottom-hover kb-gallery-filter-none\" data-image-filter=\"none\" data-item-selector=\".kadence-blocks-gallery-item\" data-lightbox-caption=\"true\" data-columns-xxl=\"1\" data-columns-xl=\"1\" data-columns-md=\"1\" data-columns-sm=\"1\" data-columns-xs=\"1\" data-columns-ss=\"1\"><li class=\"kadence-blocks-gallery-item\"><div class=\"kadence-blocks-gallery-item-inner\"><figure class=\"kb-gallery-figure kadence-blocks-gallery-item-hide-caption\" \"><div class=\"kb-gal-image-radius\" style=\"max-width:64px;\"><div class=\"kb-gallery-image-contain kadence-blocks-gallery-intrinsic\" style=\"padding-bottom:100%;\"><img decoding=\"async\" loading=\"lazy\" src=\"http:\/\/compulse-africa.com\/wp-content\/uploads\/2023\/05\/calendar.png\" width=\"64\" height=\"64\" alt=\"\" data-full-image=\"http:\/\/compulse-africa.com\/wp-content\/uploads\/2023\/05\/calendar.png\" data-light-image=\"http:\/\/compulse-africa.com\/wp-content\/uploads\/2023\/05\/calendar.png\" data-id=\"148\" class=\"wp-image-148\"\/><\/div><\/div><\/figure><\/div><\/li><\/ul><\/div>\n\n\n<p class=\"has-text-align-center has-theme-palette-9-color has-text-color\">Nous organisons des \u00e9v\u00e9nements, comme des conf\u00e9rences, inauguration et lancement  .<\/p>\n<\/div><\/div>\n\n<\/div><\/div>","protected":false},"excerpt":{"rendered":"<p>Nos services Nous nous accupons de la communication digitale selon les objectifs de votre entreprise. Avec notre application web de gestion RH le m\u00e9tier du RH devient plus organiser et les offres disponible. Nous concevons des logiciels, application web et web mobile sur mesure selon votre secteur d&rsquo;activit\u00e9. Nous organisons des \u00e9v\u00e9nements, comme des conf\u00e9rences,&#8230;<\/p>\n","protected":false},"author":1,"featured_media":0,"parent":0,"menu_order":0,"comment_status":"closed","ping_status":"closed","template":"","meta":{"_kadence_starter_templates_imported_post":false,"_kad_post_transparent":"","_kad_post_title":"hide","_kad_post_layout":"normal","_kad_post_sidebar_id":"","_kad_post_content_style":"","_kad_post_vertical_padding":"hide","_kad_post_feature":"","_kad_post_feature_position":"","_kad_post_header":false,"_kad_post_footer":false,"footnotes":""},"_links":{"self":[{"href":"https:\/\/compulse-africa.com\/index.php\/wp-json\/wp\/v2\/pages\/13"}],"collection":[{"href":"https:\/\/compulse-africa.com\/index.php\/wp-json\/wp\/v2\/pages"}],"about":[{"href":"https:\/\/compulse-africa.com\/index.php\/wp-json\/wp\/v2\/types\/page"}],"author":[{"embeddable":true,"href":"https:\/\/compulse-africa.com\/index.php\/wp-json\/wp\/v2\/users\/1"}],"replies":[{"embeddable":true,"href":"https:\/\/compulse-africa.com\/index.php\/wp-json\/wp\/v2\/comments?post=13"}],"version-history":[{"count":5,"href":"https:\/\/compulse-africa.com\/index.php\/wp-json\/wp\/v2\/pages\/13\/revisions"}],"predecessor-version":[{"id":306,"href":"https:\/\/compulse-africa.com\/index.php\/wp-json\/wp\/v2\/pages\/13\/revisions\/306"}],"wp:attachment":[{"href":"https:\/\/compulse-africa.com\/index.php\/wp-json\/wp\/v2\/media?parent=13"}],"curies":[{"name":"wp","href":"https:\/\/api.w.org\/{rel}","templated":true}]}}